{"id":69,"date":"2023-08-06T21:38:07","date_gmt":"2023-08-06T19:38:07","guid":{"rendered":"http:\/\/xn--1szkoarajdowa-0hc.pl\/?page_id=69"},"modified":"2023-08-10T20:38:58","modified_gmt":"2023-08-10T18:38:58","slug":"rytm-jazdy","status":"publish","type":"page","link":"http:\/\/xn--1szkoarajdowa-0hc.pl\/?page_id=69","title":{"rendered":"RYTM JAZDY"},"content":{"rendered":"\n<p>Rytm jazdy to \u015bwiadome, powtarzalne utrzymanie takiej samej \u2013 sta\u0142ej si\u0142y od\u015brodkowej w zakr\u0119tach o r\u00f3\u017cnych krzywiznach w zale\u017cno\u015bci od pr\u0119dko\u015bci jazdy.<\/p>\n\n\n\n<p>Rytm jazdy wynika z prawid\u0142owej ocena sytuacji panuj\u0105cej na drodze, odleg\u0142o\u015bci, pr\u0119dko\u015bci, warunk\u00f3w zewn\u0119trznych, hamowania, przyspieszania, pokonywania zakr\u0119t\u00f3w i patrzenia na drog\u0119.<\/p>\n\n\n\n<p>Celem w zakr\u0119cie jest przy\u015bpieszanie a nie asekuracyjne hamowanie, do wyj\u015bcia z zakr\u0119tu na prost\u0105 z jak najwy\u017csz\u0105 warto\u015bci\u0105 ruchu jednostajnie przy\u015bpieszonego a nawet progresywnego ( przy\u015bpieszanie z wykorzystaniem wektor\u00f3w si\u0142 od\u015brodkowych i wektor\u00f3w dociskowych).<\/p>\n\n\n\n<p>Utrzymanie prawid\u0142owego rytmu jazdy&nbsp; mo\u017cliwe jest dzi\u0119ki wcze\u015bniejszemu zakodowaniu takich odruch\u00f3w.<\/p>\n","protected":false},"excerpt":{"rendered":"<p>Rytm jazdy to \u015bwiadome, powtarzalne utrzymanie takiej samej \u2013 sta\u0142ej si\u0142y od\u015brodkowej w zakr\u0119tach o r\u00f3\u017cnych krzywiznach w zale\u017cno\u015bci od pr\u0119dko\u015bci jazdy. Rytm jazdy wynika z prawid\u0142owej ocena sytuacji panuj\u0105cej na drodze, odleg\u0142o\u015bci, pr\u0119dko\u015bci, warunk\u00f3w zewn\u0119trznych, hamowania, przyspieszania, pokonywania zakr\u0119t\u00f3w i patrzenia na drog\u0119. Celem w zakr\u0119cie jest przy\u015bpieszanie a nie asekuracyjne hamowanie, do wyj\u015bcia [&hellip;]<\/p>\n","protected":false},"author":1,"featured_media":0,"parent":0,"menu_order":-3,"comment_status":"closed","ping_status":"closed","template":"","meta":[],"_links":{"self":[{"href":"http:\/\/xn--1szkoarajdowa-0hc.pl\/index.php?rest_route=\/wp\/v2\/pages\/69"}],"collection":[{"href":"http:\/\/xn--1szkoarajdowa-0hc.pl\/index.php?rest_route=\/wp\/v2\/pages"}],"about":[{"href":"http:\/\/xn--1szkoarajdowa-0hc.pl\/index.php?rest_route=\/wp\/v2\/types\/page"}],"author":[{"embeddable":true,"href":"http:\/\/xn--1szkoarajdowa-0hc.pl\/index.php?rest_route=\/wp\/v2\/users\/1"}],"replies":[{"embeddable":true,"href":"http:\/\/xn--1szkoarajdowa-0hc.pl\/index.php?rest_route=%2Fwp%2Fv2%2Fcomments&post=69"}],"version-history":[{"count":3,"href":"http:\/\/xn--1szkoarajdowa-0hc.pl\/index.php?rest_route=\/wp\/v2\/pages\/69\/revisions"}],"predecessor-version":[{"id":208,"href":"http:\/\/xn--1szkoarajdowa-0hc.pl\/index.php?rest_route=\/wp\/v2\/pages\/69\/revisions\/208"}],"wp:attachment":[{"href":"http:\/\/xn--1szkoarajdowa-0hc.pl\/index.php?rest_route=%2Fwp%2Fv2%2Fmedia&parent=69"}],"curies":[{"name":"wp","href":"https:\/\/api.w.org\/{rel}","templated":true}]}}